) be the second derivative of s(y). What is the units digit of j(7)?
1
Let j be (0 - -3) + -5 + 4. Let f(m) = -2 - 7*m**j + 1 - 2*m + 19*m**2 + m. What is the units digit of f(-1)?
2
Let t be 5/(2 - (-87)/(-45)). Suppose w = -2*w + t. What is the tens digit of w?
2
Let q be ((-4)/(-5))/(10/25). Let o = -4 - -4. Suppose q*m - m - 13 = o. What is the tens digit of m?
1
Let p = 12 - 5. Let o = p + -13. Let i = 12 + o. What is the units digit of i?
6
Suppose -7*h + 78 = -370. What is the units digit of h?
4
Let s(h) = 4*h - 3. What is the units digit of s(11)?
1
Let f(r) = -2*r - 9. Let u be f(-7). Suppose -u*x + 58 = 4*i, -2*x = 2*i - 3*x - 22. Suppose i + 8 = 4*a. What is the units digit of a?
5
Let w be (4 - 3) + 1*7. Suppose -1 - w = -3*v. What is the units digit of v?
3
Let o(k) be the second derivative of -k**5/20 - k**4/12 + k**3/3 + 3*k**2/2 - 4*k. Let l be o(-2). Suppose -l*t = 3 - 12. What is the units digit of t?
3
Let a be ((-18)/15)/((-2)/10). Let u = -3 + a. What is the units digit of u?
3
Suppose -5*t + 5 + 5 = 0. Suppose 33 + 61 = t*u. What is the units digit of u?
7
Suppose -2*c + 12 = 5*s, 4*c - 3*c + 3*s - 6 = 0. Let t be c + (-6)/(-9)*3. What is the units digit of t + (0/(-2) - 2)?
6
Let q = -67 - -95. What is the tens digit of q?
2
Suppose 6*a - 9*a + 762 = 0. What is the tens digit of a?
5
Suppose q - 15 = 5. What is the tens digit of q?
2
Let k = 259 - 123. What is the tens digit of k?
3
What is the tens digit of ((-21)/35)/((-1)/295)?
7
Let c(b) = b**2 + 4*b - 1. Let h be c(5). Suppose 2*f + h = 4*u, -2*f + f + 18 = 2*u. What is the units digit of u?
0
Suppose -21 = 3*z - 3*w, -3*w + 0 = 3. Let g = 14 + z. What is the units digit of (-2)/g + (-21)/(-9)?
2
Suppose 0 = -v + 2*c - 1 + 4, -2*c - 4 = -2*v. Suppose -74 = -3*r - h, -r = -2*h - 12 - v. What is the tens digit of r?
2
Suppose -2*y + 70 = -7*y. Let f = y - -26. What is the units digit of f?
2
Suppose -a = -l - 23, -4*a = -2*a - 2. Suppose 4*q = 8 + 12, 3*b - 106 = -2*q. Let g = b + l. What is the tens digit of g?
1
Let w(m) = -7*m. Let s(p) = p**3 - 5*p**2 + 5*p + 1. Let t be s(4). Suppose -t*f + 0 = 5. What is the units digit of w(f)?
7
Let y(s) = 2*s**3 - 2*s**2 - s - 2. Let u be y(2). Suppose u*d - 13 - 39 = 0. What is the units digit of d?
3
Let k = 14 + -7. Let f = k + -2. Suppose 5*x - 60 = j, 5*x + f*j - 45 = 15. What is the units digit of x?
2
Suppose 2*t + 6 = -42. Let q = t - -35. What is the tens digit of q?
1
Suppose 3*q - 21 = 5*p, 0 = 4*p - 0*p + 12. Suppose 3*f - 39 = 60. Suppose q*c = -c + f. What is the units digit of c?
1
What is the tens digit of ((-64)/(-20) + -6)/((-2)/100)?
4
Let d = -100 - -264. What is the units digit of d?
4
Let p be 1/(-3) + (-1)/(-3). Suppose p = -4*z - 5*u + 83, 0 = 2*z - z + 2*u - 20. What is the tens digit of z?
2
Suppose 0 = 6*w - 8*w + 300. Suppose v = -4*v + w. What is the tens digit of v?
3
Suppose -1 = 2*v - 13. Let a(f) = -v*f - f - 4*f + 6*f**2 + f - 7 + f**3. What is the units digit of a(-7)?
4
Let f be -4 + 5 - 1/1. Suppose r = -f*r. Suppose -2*z = -5*k - r*z + 10, -3*k + 5*z + 6 = 0. What is the units digit of k?
2
Let b be 5/(-20) - 138/(-8). Suppose 3*p = -2*a + 14, a + 4 = -4*p + 31. Let q = b - p. What is the units digit of q?
9
Let o = 3 + 0. Let g(z) = -z**3 - 2*z**2 + 2*z. Let x be g(-3). Suppose 5*k - 5 = -4*q, -x*k + 13 = 5*q - o. What is the units digit of q?
5
Let h = 199 - -11. What is the hundreds digit of h?
2
Suppose 6*l + 22 = j + l, 0 = -5*j - l + 58. What is the units digit of j?
2
Let t(j) = 3*j**3 - 8*j**2 + j. What is the tens digit of t(4)?
6
What is the units digit of 4/(4*(-2)/(-64))?
2
Suppose 3*h + 32 = 2*l + 2*h, 28 = 2*l - 2*h. What is the tens digit of l?
1
Let a(y) = y**2 - 2*y. Let z be (2/(-6))/((-2)/18). What is the units digit of a(z)?
3
Let l(p) = p + 5. What is the units digit of l(4)?
9
Let k(s) = s - 1. Let i be k(-2). Let q(y) = -3*y + 4. Let d be q(i). Let w = d - 7. What is the units digit of w?
6
Let g(a) = -a**3 + 9*a**2 - 2*a + 2. What is the units digit of g(8)?
0
Suppose 5 = m + 2*h, -8 - 2 = 4*m + 2*h. Let w(l) = -l**2 - 5*l + 1. What is the units digit of w(m)?
1
Let h be 44/(-8)*(1 + 1). Let n = -10 - h. What is the units digit of n?
1
Suppose -5*l - 4*n = -8*n - 476, -4*l + n + 383 = 0. What is the tens digit of l?
9
Suppose -41 = -2*v + 3. Suppose -4*p - v = -86. What is the tens digit of p?
1
Suppose -2*c + 8*c - 882 = 0. What is the units digit of c?
7
Suppose -4*h = h - 20. What is the units digit of h/(-18) + 114/27?
4
Let y be 4 - -3*2/(-6). Let o be (1 - 3/9)*y. Suppose 0 = 3*k + 3*r - 24, 0 = -o*k + 3*r + 2 - 11. What is the units digit of k?
3
Let p be 21 + 1*(0 - 1). Let y = -3 + p. What is the units digit of y?
7
Suppose -2*t = -2*g - 2, 4*t - 2*g - 3*g = 4. Let v(n) be the second derivative of 2*n**4/3 + 33*n. What is the units digit of v(t)?
8
Suppose 4*g + 10 = -d, -d + 4*d - 4*g = 18. Suppose 7*j - 5 = d*j, 4*s = -5*j + 69. Suppose 2*n = -2*n + s. What is the units digit of n?
4
Suppose 3*s + 2*s = -2*o + 192, -3*o = -s + 35. What is the units digit of s?
8
Let l(j) = j**3 - 8*j**2 + j - 6. Let v be l(8). Let y = v + 3. What is the units digit of y?
5
Let s = 70 + 1. What is the units digit of s?
1
Let g(n) = -n**3 - 7*n**2 - n + 5. Let u be g(-7). Let j = -17 - -34. Let z = j - u. What is the units digit of z?
5
Let q(x) be the second derivative of -x**8/6720 - x**7/360 + x**5/15 + x**4/6 + x. Let l(n) be the third derivative of q(n). What is the units digit of l(-7)?
8
What is the tens digit of (0 - 1)/((-4)/304)?
7
Let z = 5 + 0. What is the tens digit of ((-3)/4)/(z/(-120))?
1
Suppose -4*g + 79 = -5*l, -l - 39 = -2*g + 2*l. What is the tens digit of g?
2
Let c(y) = -y**2 + 8*y + 1. Let f = 14 + -8. What is the tens digit of c(f)?
1
Let b = -87 - -150. What is the units digit of b?
3
Let t = -31 - -79. Suppose p + 3*v + t = 5*p, -5*v + 24 = 2*p. What is the units digit of p?
2
Suppose -o + 112 = 3*o. What is the units digit of o?
8
Let h(l) = l**3 + 7*l**2 + 9*l - 3. Let b be h(-5). What is the tens digit of (1 - b)/(2/(-20))?
1
Suppose 0 = -5*j + 116 + 4. Suppose 4 = -5*c + j. Suppose 0*a - c*a + 65 = 5*z, 0 = -2*a. What is the units digit of z?
3
Suppose -4*a - 5*g - 13 = -86, 5*a - 4*g - 40 = 0. What is the units digit of a?
2
Suppose 0*f = -2*f + 94. What is the tens digit of f?
4
Let r = 60 + 37. What is the tens digit of r?
9
What is the units digit of (2 + 82/(-12))/(2/(-12))?
9
Let q(l) be the second derivative of -l**3/3 + 7*l**2/2 - 2*l. Let c be q(6). Let o = c - -13. What is the units digit of o?
8
Suppose -6 - 6 = 2*x. Let h(q) = -4*q**2 - 7*q + 0*q**2 + 3 + 3*q**2. What is the units digit of h(x)?
9
Let b(l) be the third derivative of l**5/60 - 5*l**4/8 - 11*l**3/6 + 3*l**2. What is the units digit of b(17)?
3
Suppose 3*r - 25 - 128 = 0. What is the units digit of r?
1
Let h = 5 + -5. Suppose h = 5*w - 118 + 18. What is the units digit of (-4)/10 - (-128)/w?
6
Let j = -22 + 37. What is the tens digit of j?
1
Suppose 2*v + 4*k = 26, 4*v + k - 7 = 2*k. What is the units digit of (-6 + v)*(-66)/9?
2
Suppose 0 = -3*a + i + 38, -48 = -5*a + 2*a + 3*i. What is the units digit of a?
1
Let d be (8/(-2))/(8/(-12)). Suppose 0 = 2*p - 24 - d. What is the units digit of p?
5
Suppose -2*s = 2*s - 32. Suppose s*v - 2*u - 38 = 3*v, 0 = -5*v - 5*u + 45. Let f = 13 - v. What is the units digit of f?
5
Let x = -37 + 77. What is the units digit of x?
0
Suppose -g = -5 + 2. What is the units digit of g?
3
Let c = -4 + 3. Let k be 3 + 4 + c - 2. Let x = 7 - k. What is the units digit of x?
3
Suppose 0 = f - 2*y - 17, -3*y - 13 = -3*f + 29. What is the tens digit of f?
1
Let f(t) = -t**3 - 4*t**2 + 10*t + 4. Let b be f(-7). Let l = b - 44. What is the tens digit of l?
3
Let r be ((-6)/15)/((-2)/(-20)). Let y = r + 4. Suppose -12 = -y*f - 2*f. What is the units digit of f?
6
Suppose -3*b + 31 = 2*f, 0*f = -4*f - 4*b + 52. What is the units digit of f?
8
Let d be (4/8)/(1/2). Let w be (-47)/(0 + d + -2). Suppose 3*n = -5*i + w, 4*n + 4*i - 48 = i. What is the units digit of n?
9
Suppose 9*k - 566 = 127. What is the tens digit of k?
7
Let u be ((-37)/(-3))/((-3)/(-18)). Suppose 2*o - u = -2*i, -o + 3*i + 117 = 2*o. What is the tens digit of o?
3
Let v